e 8?
35
Convert 1011 (base 2) to base 16.
b
Convert 5 (base 13) to base 8.
5
What is -101 (base 3) in base 9?
-11
10 (base 4) to base 15
4
What is -19 (base 12) in base 11?
-1a
20 (base 3) to base 13
6
What is -11a (base 11) in base 3?
-12021
What is -c (base 13) in base 15?
-c
14 (base 5) to base 6
13
Convert -58 (base 12) to base 6.
-152
-16 (base 15) to base 6
-33
10 (base 13) to base 11
12
1021 (base 3) to base 15
24
Convert 101 (base 2) to base 13.
5
6a (base 11) to base 8
114
Convert 70 (base 15) to base 5.
410
What is -23 (base 7) in base 16?
-11
What is 31 (base 5) in base 4?
100
What is -35 (base 11) in base 4?
-212
11 (base 2) to base 7
3
Convert 15 (base 12) to base 13.
14
What is 18 (base 13) in base 4?
111
10 (base 4) to base 13
4
What is 220 (base 3) in base 12?
20
What is -211 (base 5) in base 4?
-320
What is -33 (base 4) in base 10?
-15
Convert 34 (base 6) to base 16.
16
Convert 1b (base 15) to base 9.
28
What is -36 (base 13) in base 10?
-45
Convert 35 (base 7) to base 16.
1a
Convert -10 (base 2) to base 3.
-2
Convert 11b (base 13) to base 2.
11000001
What is 21 (base 14) in base 11?
27
-121 (base 4) to base 8
-31
-c (base 14) to base 15
-c
Convert ba (base 14) to base 11.
13a
2030 (base 4) to base 6
352
23 (base 15) to base 2
100001
What is 14 (base 6) in base 8?
12
What is 130 (base 13) in base 11?
17a
What is -345 (base 8) in base 12?
-171
Convert -223 (base 5) to base 7.
-120
Convert -12 (base 7) to base 8.
-11
Convert 1 (base 9) to base 11.
1
ad (base 15) to base 7
322
What is -1 (base 6) in base 4?
-1
3202 (base 4) to base 6
1014
What is -c (base 14) in base 13?
-c
Convert -181 (base 9) to base 5.
-1104
Convert 24 (base 13) to base 3.
1010
2a (base 13) to base 8
44
-1 (base 7) to base 3
-1
What is -184 (base 9) in base 15?
-a7
What is 1111 (base 2) in base 14?
11
What is 1 (base 8) in base 11?
1
Convert -148 (base 14) to base 11.
-217
What is -20101 (base 3) in base 5?
-1142
What is -1 (base 4) in base 3?
-1
What is -144 (base 6) in base 14?
-48
Convert -3 (base 6) to base 8.
-3
Convert -132 (base 13) to base 12.
-156
What is 130 (base 14) in base 7?
460
What is 4 (base 8) in base 12?
4
-23 (base 9) to base 15
-16
Convert -3 (base 6) to base 8.
-3
60 (base 14) to base 11
77
Convert -1 (base 6) to base 11.
-1
77 (base 12) to base 13
70
1 (base 13) to base 16
1
Convert -11 (base 4) to base 14.
-5
What is 1 (base 4) in base 15?
1
What is 1 (base 15) in base 16?
1
Convert -101 (base 3) to base 15.
-a
Convert -46 (base 16) to base 6.
-154
What is -4 (base 14) in base 7?
-4
Convert -52 (base 7) to base 9.
-41
Convert -6 (base 7) to base 14.
-6
Convert 2 (base 9) to base 6.
2
Convert -354 (base 6) to base 7.
-262
18 (base 14) to base 9
24
What is 2 (base 13) in base 15?
2
-6 (base 11) to base 12
-6
Convert 1 (base 3) to base 4.
1
-5 (base 10) to base 16
-5
What is 3 (base 4) in base 13?
3
10 (base 3) to base 12
3
Convert 0 (base 5) to base 14.
0
Convert 101 (base 2) to base 13.
5
Convert 13 (base 8) to base 6.
15
What is -314 (base 5) in base 14?
-60
Convert 0 (base 13) to base 3.
0
What is -1 (base 16) in base 14?
-1
Convert -6 (base 16) to base 7.
-6
Convert -1 (base 6) to base 5.
-1
-9 (base 16) to base 5
-14
What is -7 (base 12) in base 8?
-7
What is 13 (base 12) in base 11?
14
Convert 2 (base 7) to base 11.
2
Convert 104 (base 9) to base 3.
10011
9 (base 13) to base 11
9
-10222 (base 3) to base 2
-1101011
-16 (base 8) to base 13
-11
Convert 7 (base 9) to base 10.
7
322 (base 4) to base 13
46
6 (base 12) to base 14
6
Convert 4 (base 6) to base 5.
4
What is 2 (base 4) in base 12?
2
Convert -20 (base 10) to base 13.
-17
-11111011 (base 2) to base 5
-2001
What is 215 (base 13) in base 9?
435
100101 (base 2) to base 3
1101
Convert -7c (base 13) to base 11.
-94
Convert -2 (base 15) to base 10.
-2
Convert -175 (base 12) to base 6.
-1025
1 (base 9) to base 11
1
Convert -2 (base 4) to base 6.
-2
Convert -1010 (base 2) to base 16.
-a
Convert 114 (base 8) to base 10.
76
What is -4 (base 12) in base 16?
-4
-a (base 14) to base 7
-13
-193 (base 13) to base 15
-144
What is 43 (base 13) in base 10?
55
10 (base 2) to base 13
2
Convert 7 (base 12) to base 9.
7
What is 1110010 (base 2) in base 9?
136
Convert -430 (base 5) to base 14.
-83
Convert -24 (base 11) to base 15.
-1b
-245 (base 7) to base 3
-11212
What is 0 (base 14) in base 4?
0
49 (base 12) to base 11
52
What is 5 (base 10) in base 6?
5
Convert -b (base 13) to base 8.
-13
-1 (base 3) to base 5
-1
Convert 124 (base 11) to base 4.
2103
What is a (base 12) in base 16?
a
Convert -3a (base 14) to base 4.
-310
221 (base 3) to base 6
41
10030 (base 4) to base 3
100221
What is -2032 (base 4) in base 11?
-11a
7a (base 11) to base 4
1113
212 (base 3) to base 12
1b
-40 (base 5) to base 8
-24
What is -9 (base 15) in base 16?
-9
110 (base 3) to base 11
11
-d (base 14) to base 6
-21
Convert 74 (base 15) to base 13.
85
-12 (base 13) to base 3
-120
-11 (base 5) to base 2
-110
Convert -7a (base 14) to base 11.
-99
5 (base 10) to base 7
5
Convert -326 (base 7) to base 4.
-2213
What is 1 (base 10) in base 14?
1
11 (base 3) to base 4
10
2 (base 15) to base 10
2
Convert 1214 (base 5) to base 16.
b8
2 (base 15) to base 8
2
What is -138 (base 15) in base 5?
-2103
Convert -12 (base 9) to base 12.
-b
-2 (base 3) to base 15
-2
What is 11 (base 3) in base 16?
4
What is 555 (base 7) in base 12?
1b9
101001011 (base 2) to base 9
407
What is -3 (base 4) in base 13?
-3
Convert 6 (base 11) to base 16.
6
Convert -41 (base 15) to base 4.
-331
-3 (base 10) to base 4
-3
7 (base 8) to base 15
7
What is 1 (base 5) in base 8?
1
What is -38 (base 14) in base 9?
-55
-20 (base 3) to base 13
-6
-3 (base 12) to base 2
-11
77 (base 9) to base 10
70
What is 1 (base 6) in base 9?
1
What is -241 (base 5) in base 6?
-155
-30 (base 9) to base 12
-23
11 (base 2) to base 15
3
What is -3 (base 5) in base 8?
-3
22 (base 3) to base 6
12
14 (base 5) to base 14
9
3 (base 16) to base 6
3
-1222 (base 3) to base 15
-38
Convert -13 (base 7) to base 13.
-a
What is -1 (base 14) in base 4?
-1
28 (base 15) to base 10
38
Convert 15 (base 12) to base 11.
16
What is 2 (base 3) in base 6?
2
Convert 126 (base 12) to base 3.
20110
Convert c (base 14) to base 12.
10
Convert 30 (base 7) to base 2.
10101
Convert -40 (base 15) to base 13.
-48
What is -9 (base 10) in base 14?
-9
-9 (base 13) to base 3
-100
-132 (base 9) to base 6
-302
Convert -7 (base 14) to base 16.
-7
What is -4 (base 15) in base 9?
-4
Convert 21 (base 4) to base 13.
9
What is 6 (base 11) in base 10?
6
Convert -10022 (base 3) to base 13.
-6b
Convert 11 (base 11) to base 4.
30
Convert -141 (base 6) to base 12.
-51
Convert -2 (base 13) to base 8.
-2
What is 3 (base 5) in base 4?
3
Convert -5 (base 14) to base 7.
-5
What is -10 (base 2) in base 8?
-2
-2 (base 4) to base 16
-2
What is -3 (base 7) in base 15?
-3
What is -1a (base 13) in base 10?
-23
What is 48 (base 13) in base 15?
40
74 (base 9) to base 11
61
3 (base 15) to base 13
3
11 (base 14) to base 4
33
-2200 (base 3) to base 13
-57
-112 (base 3) to base 15
-e
Convert 14 (base 14) to base 16.
12
b8 (base 12) to base 11
118
Convert 2102 (base 4) to base 16.
92
What is -9 (base 16) in base 11?
-9
What is -92 (base 13) in base 9?
-142
Convert 10 (base 9) to base 5.
14
-101 (base 7) to base 3
-1212
Convert -101 (base 3) to base 8.
-12
What is -29 (base 14) in base 7?
-52
Convert 1 (base 5) to base 7.
1
135 (base 6) to base 15
3e
Convert 3 (base 7) to base 13.
3
Convert -122 (base 3) to base 6.
-25
What is 0 (base 14) in base 15?
0
Convert 30 (base 13) to base 14.
2b
2 (base 7) to base 12
2
140 (base 5) to base 9
50
Convert -3 (base 7) to base 2.
-11
Convert -d (base 16) to base 14.
-d
Convert 2 (base 10) to base 5.
2
What is 54 (base 14) in base 11?
68
Convert 5 (base 13) to base 14.
5
-b (base 14) to base 9
-12
What is 0 (base 13) in base 9?
0
What is -5 (base 13) in base 9?
-5
Convert 0 (base 8) to base 9.
0
What is -38 (base 16) in base 2?
-111000
What is -20 (base 3) in base 4?
-12
What is -7 (base 10) in base 4?
-13
Convert 0 (base 15) to base 4.
0
-1101 (base 3) to base 10
-37
What is -1 (base 15) in base 6?
-1
Convert -5 (base 16) to base 12.
-5
Convert -bb (base 12) to base 15.
-98
Convert 34 (base 12) to base 16.
28
What is -